ulate the greatest common factor of 1122 and 123439074.
1122
Calculate the highest common divisor of 4 and 244240280.
4
What is the greatest common divisor of 240 and 3016776?
24
What is the greatest common divisor of 6272 and 19346768?
784
Calculate the greatest common divisor of 527845744 and 46896.
15632
Calculate the greatest common divisor of 1291348424 and 68.
68
What is the greatest common factor of 58 and 327749648?
58
What is the greatest common divisor of 10938765 and 60?
15
Calculate the greatest common factor of 3673457345 and 3805.
3805
Calculate the highest common divisor of 192 and 17394864.
48
Calculate the highest common divisor of 188 and 418593797.
47
What is the highest common divisor of 150053607 and 55?
11
What is the highest common divisor of 48327850 and 150?
50
Calculate the highest common divisor of 1650 and 2368215.
15
Calculate the greatest common divisor of 33 and 12013056.
33
What is the highest common factor of 37 and 25637781?
37
Calculate the greatest common divisor of 113344 and 1949192.
56
What is the greatest common divisor of 9646988 and 10244?
52
Calculate the greatest common divisor of 98 and 31032974.
98
What is the highest common factor of 436337848 and 376?
376
What is the greatest common factor of 46568 and 38760?
8
Calculate the highest common factor of 13211832 and 43800.
1752
Calculate the greatest common factor of 253204508 and 3457.
3457
What is the greatest common divisor of 5122884 and 84?
12
What is the greatest common factor of 150890437 and 677?
677
Calculate the highest common divisor of 17 and 170845597.
17
What is the greatest common divisor of 68 and 12970813?
17
What is the highest common factor of 903579303 and 957?
957
What is the greatest common divisor of 56765258 and 122?
122
What is the highest common factor of 2028 and 16438812?
156
What is the greatest common divisor of 6313972 and 140?
28
Calculate the greatest common factor of 35664 and 69808.
16
Calculate the greatest common factor of 54930915 and 57551.
3029
Calculate the highest common divisor of 48 and 119513514.
6
What is the highest common divisor of 2948 and 10304734?
1474
Calculate the highest common factor of 1915581 and 447.
3
What is the greatest common factor of 3492 and 15543?
9
Calculate the greatest common divisor of 8866863 and 2565.
171
What is the highest common divisor of 17843247 and 15897?
2271
What is the highest common factor of 2954832 and 14?
2
Calculate the greatest common factor of 1611431 and 12682331.
12301
What is the greatest common factor of 45 and 16002065?
5
Calculate the greatest common divisor of 80 and 69593820.
20
Calculate the highest common divisor of 24436 and 12874.
82
What is the greatest common divisor of 234885 and 36645?
105
Calculate the highest common divisor of 5654258 and 234257.
3209
What is the greatest common divisor of 1136 and 226195492?
284
What is the greatest common factor of 510 and 18397230?
510
What is the greatest common divisor of 8 and 12206696?
8
What is the greatest common factor of 10 and 125882110?
10
Calculate the greatest common divisor of 4238 and 29079037.
2119
Calculate the highest common divisor of 1938 and 645744507.
969
What is the highest common factor of 32489 and 3915844?
613
What is the greatest common factor of 10150130 and 320?
10
Calculate the highest common factor of 180525678 and 1182.
1182
Calculate the highest common divisor of 277 and 570946583.
277
Calculate the highest common divisor of 7781415 and 135.
15
What is the greatest common divisor of 2494431 and 28764?
423
What is the greatest common factor of 2435026 and 1474?
22
What is the highest common factor of 630763903 and 187?
187
Calculate the greatest common factor of 120 and 364122.
6
What is the highest common divisor of 123968 and 4906421?
1937
Calculate the greatest common factor of 3193814 and 1872.
26
Calculate the highest common divisor of 4947071 and 438736.
1613
Calculate the highest common divisor of 4578157 and 599.
599
What is the highest common divisor of 6573546 and 12336?
1542
Calculate the highest common divisor of 83575817 and 1469.
1469
What is the highest common divisor of 51939800 and 11000?
2200
What is the highest common factor of 234345 and 153?
51
Calculate the greatest common factor of 5 and 38771605.
5
What is the highest common divisor of 66933 and 211050?
603
What is the greatest common factor of 45046902 and 2186?
2186
What is the greatest common factor of 225 and 3842316?
9
What is the highest common divisor of 455 and 3641645?
35
Calculate the greatest common factor of 1839 and 14171947.
613
Calculate the highest common divisor of 341 and 6558134.
11
What is the greatest common divisor of 96579 and 4467162?
1533
What is the greatest common factor of 31389804 and 27?
9
Calculate the greatest common divisor of 2130841710 and 1530.
1530
What is the greatest common divisor of 45315232 and 44400?
592
What is the greatest common divisor of 70083 and 3159?
117
What is the greatest common factor of 354253680 and 120?
120
What is the highest common divisor of 124731300 and 1955?
115
Calculate the greatest common divisor of 783 and 2850282.
27
What is the highest common divisor of 150977 and 8439191?
1411
What is the greatest common factor of 967595 and 1021475?
2245
What is the greatest common divisor of 1728 and 571671?
27
What is the greatest common factor of 623 and 135147123?
89
Calculate the highest common divisor of 96 and 9751536.
48
What is the highest common factor of 1686 and 19086?
6
What is the greatest common divisor of 1392325 and 54175?
275
What is the greatest common divisor of 72 and 35539848?
72
What is the greatest common factor of 423 and 1899082?
47
What is the highest common divisor of 6021 and 25463924?
223
What is the highest common factor of 274046 and 2549774?
1042
Calculate the greatest common factor of 646 and 77107529.
323
What is the highest common factor of 722 and 2330369?
19
Calculate the highest common divisor of 1807148 and 432397.
1939
What is the greatest common divisor of 10640 and 8145376?
304
Calculate the highest common divisor of 4860114 and 81618.
366
What is the greatest common factor of 22175297 and 8044?
2011
What is the greatest common divisor of 978014 and 3526?
82
What is the greatest common factor of 144 and 16079304?
24
What is the highest common factor of 2274547 and 275?
11
What is the highest common divisor of 261404450 and 50?
50
Calculate the greatest common factor of 6368 and 81248.
32
What is the greatest common divisor of 162769 and 242397?
1171
Calculate the highest common factor of 1015143 and 65375.
523
Calculate the greatest common divisor of 474883744 and 215.
43
Calculate the greatest common divisor of 8188 and 386663971.
2047
Calculate the highest common divisor of 7185150 and 4950.
450
Calculate the highest common divisor of 22067859 and 1452.
363
Calculate the greatest common divisor of 212357660 and 80.
20
Calculate the greatest common divisor of 1068 and 1202017980.
1068
What is the highest common factor of 368942 and 36545474?
5054
What is the greatest common factor of 169524 and 290428?
68
What is the greatest common divisor of 4045 and 882505740?
4045
What is the greatest common divisor of 17831 and 128821?
11
Calculate the highest common divisor of 146610 and 18486435.
2715
What is the highest common factor of 2310 and 22024695?
1155
What is the greatest common factor of 14066 and 90818?
26
What is the greatest common divisor of 6 and 1389071022?
6
What is the greatest common factor of 72297 and 11357?
277
Calculate the greatest common divisor of 27574 and 52462.
34
Calculate the highest common factor of 19312 and 499256.
136
What is the greatest common divisor of 14310 and 218190?
30
What is the highest common factor of 2340168 and 190503?
1041
What is the greatest common factor of 1443 and 6534496?
37
Calculate the greatest common divisor of 30 and 97880.
10
Calculate the greatest common divisor of 7750 and 64750.
250
What is the highest common divisor of 77 and 1811971?
7
Calculate the highest common divisor of 1226236 and 5104.
1276
Calculate the highest common divisor of 25184034 and 9522.
414
What is the highest common divisor of 81561 and 2350854?
93
What is the greatest common